alse
Does 724 divide 442298?
False
Is 6 a factor of 596922?
True
Is 15 a factor of 91022?
False
Does 150 divide 19264200?
True
Does 17 divide 13176?
False
Does 17 divide 2620686?
True
Does 180 divide 339656?
False
Is 320112 a multiple of 36?
True
Is 138 a factor of 73140?
True
Does 8 divide 1401299?
False
Is 92561 a multiple of 3?
False
Is 6654021 a multiple of 29?
True
Does 23 divide 654465?
True
Is 131429 a multiple of 5?
False
Does 67 divide 451848?
True
Is 2605116 a multiple of 6?
True
Is 28 a factor of 928850?
False
Is 173154 a multiple of 9?
False
Is 36 a factor of 5866230?
False
Is 47 a factor of 2945067?
True
Is 50 a factor of 72000?
True
Is 12030363 a multiple of 229?
False
Is 89 a factor of 348717?
False
Is 7 a factor of 23407?
False
Is 2321249 a multiple of 133?
True
Does 35 divide 533126?
False
Is 1210 a factor of 5157137?
False
Is 8 a factor of 1173245?
False
Is 10 a factor of 608940?
True
Is 15020264 a multiple of 35?
False
Does 447 divide 1118841?
True
Is 2671248 a multiple of 303?
True
Is 80568 a multiple of 27?
True
Is 4541229 a multiple of 431?
False
Is 13 a factor of 4990375?
True
Is 95529 a multiple of 6?
False
Is 420 a factor of 25372203?
False
Does 431 divide 383159?
True
Is 214 a factor of 7694171?
False
Is 68921 a multiple of 187?
False
Does 195 divide 5157131?
False
Is 2224743 a multiple of 709?
False
Does 4 divide 99144?
True
Is 1752519 a multiple of 401?
False
Is 419 a factor of 878643?
True
Does 542 divide 3390752?
True
Is 97045 a multiple of 18?
False
Is 716704 a multiple of 135?
False
Is 73 a factor of 5329?
True
Is 32 a factor of 6142944?
True
Does 28 divide 509350?
False
Is 762 a factor of 221603?
False
Is 38 a factor of 958781?
False
Is 30300 a multiple of 27?
False
Is 37 a factor of 444322?
False
Does 423 divide 29120166?
True
Is 39 a factor of 135207?
False
Is 64 a factor of 252352?
True
Does 87 divide 88044?
True
Is 244 a factor of 5749128?
True
Is 32151 a multiple of 7?
True
Is 102 a factor of 361794?
True
Is 115 a factor of 10746865?
True
Is 392 a factor of 2669128?
True
Is 20 a factor of 138480?
True
Is 153 a factor of 5456286?
True
Is 264 a factor of 91178?
False
Does 765 divide 2283837?
False
Is 292201 a multiple of 13?
True
Is 94625 a multiple of 29?
False
Is 94 a multiple of 4?
False
Is 20552761 a multiple of 7?
False
Is 458402 a multiple of 478?
True
Is 11102039 a multiple of 13?
True
Is 270802 a multiple of 46?
True
Is 288017 a multiple of 2?
False
Does 263 divide 324805?
True
Is 328476 a multiple of 6?
True
Is 45 a factor of 30240?
True
Does 19 divide 6660659?
True
Is 8482664 a multiple of 19?
True
Does 653 divide 2217588?
True
Is 12953808 a multiple of 71?
True
Is 363 a factor of 6102030?
True
Is 32 a factor of 18551232?
True
Does 9 divide 319858?
False
Does 22 divide 106260?
True
Does 409 divide 570964?
True
Is 410 a factor of 6032269?
False
Is 967860 a multiple of 19?
True
Does 18 divide 1852597?
False
Does 48 divide 17841?
False
Does 8 divide 144421?
False
Is 2263322 even?
True
Is 616896 a multiple of 454?
False
Does 12 divide 9522?
False
Does 251 divide 44929?
True
Is 24324 a multiple of 21?
False
Does 212 divide 1680312?
True
Is 29 a factor of 401788?
False
Does 81 divide 171343?
False
Does 43 divide 6098260?
True
Does 43 divide 3728940?
False
Is 700639 a multiple of 8?
False
Does 22 divide 951544?
True
Does 9 divide 4887?
True
Is 25 a factor of 96050?
True
Does 9 divide 3397629?
False
Does 15 divide 95475?
True
Is 135929 a multiple of 37?
False
Is 13 a factor of 1303500?
False
Is 36 a factor of 4602808?
False
Is 1261 a factor of 8479900?
False
Does 18 divide 157500?
True
Does 334 divide 10859274?
False
Is 72 a factor of 933192?
True
Is 46480 a multiple of 35?
True
Is 4 a factor of 34200?
True
Does 24 divide 1159229?
False
Is 789640 a multiple of 152?
True
Is 23 a factor of 22876181?
False
Does 13 divide 1760431?
False
Is 12 a factor of 3905?
False
Is 334 a factor of 163994?
True
Does 28 divide 460852?
True
Does 95 divide 42453?
False
Does 45 divide 990?
True
Is 32 a factor of 5734432?
True
Is 8831172 a multiple of 138?
True
Is 83 a factor of 36852?
True
Is 87230 a multiple of 10?
True
Does 258 divide 920665?
False
Is 7 a factor of 12794294?
False
Is 42785 a multiple of 13?
False
Is 17 a factor of 64685?
True
Is 34348 a multiple of 124?
True
Is 4495008 a multiple of 96?
True
Is 12 a factor of 614772?
True
Is 48 a factor of 1407489?
False
Is 14 a factor of 379504?
False
Is 431899 a multiple of 65?
False
Does 73 divide 470717?
False
Is 88 a factor of 112376?
True
Is 10489038 a multiple of 294?
True
Is 72 a factor of 123264?
True
Is 43 a factor of 304010?
True
Is 7550168 a multiple of 8?
True
Is 57117 a multiple of 93?
False
Is 563 a factor of 2246933?
True
Is 24379776 a multiple of 11?
False
Does 108 divide 141675?
False
Does 43 divide 210270?
True
Is 1071 a multiple of 148?
False
Is 216253 a multiple of 33?
False
Is 31 a factor of 597345?
False
Is 3126948 a multiple of 33?
True
Does 3 divide 135339?
True
Is 567 a factor of 1285490?
False
Is 649012 a multiple of 1472?
False
Does 71 divide 5616810?
True
Does 28 divide 602142?
False
Is 40463 a multiple of 60?
False
Is 3939916 a multiple of 188?
True
Does 83 divide 403463?
True
Does 15 divide 561480?
True
Is 102 a factor of 79662?
True
Does 29 divide 161385?
True
Is 7 a factor of 307146?
True
Does 152 divide 44232?
True
Does 26 divide 6304766?
True
Is 111 a factor of 8525149?
False
Is 125950 a multiple of 50?
True
Does 50 divide 2555355?
False
Is 8457246 a multiple of 9?
True
Does 177 divide 1509768?
False
Is 4179 a multiple of 109?
False
Is 2813163 a multiple of 113?
False
Does 722 divide 23944889?
False
Is 29 a factor of 8078849?
True
Does 90 divide 146160?
True
Does 6 divide 404076?
True
Is 101 a factor of 3698712?
False
Does 1058 divide 1119757?
False
Does 97 divide 336105?
True
Is 939952 a multiple of 13?
True
Is 587825 a multiple of 90?
False
Is 26 a factor of 3323101?
False
Does 82 divide 1303718?
True
Is 140287 a multiple of 21?
False
Is 9 a factor of 2486403?
True
Is 1519492 a multiple of 52?
True
Is 4766894 a multiple of 7?
False
Is 193 a factor of 535575?
True
Does 329 divide 1315902?
False
Is 10 a factor of 80511?
False
Does 15 divide 9002775?
True
Does 4 divide 103159?
False
Is 90 a factor of 2184930?
True
Does 33 divide 140580?
True
Is 1339974 a multiple of 87?
True
Does 72 divide 718593?
False
Is 5755003 a multiple of 11?
False
Is 556798 a multiple of 102?
False
Is 1784 a multiple of 8?
True
Is 185203 a multiple of 24?
False
Is 19 a factor of 412946?
True
Is 48 a factor of 950736?
True
Does 1126 divide 10539360?
True
Does 117 divide 118989?
True
Is 28 a factor of 404034?
False
Is 211 a factor of 242957?
False
Does 19 divide 4620?
False
Does 64 divide 665664?
True
Is 2981375 a multiple of 61?
True
Is 200 a factor of 154400?
True
Does 72 divide 307055?
False
Is 229804 a multiple of 52?
False
Is 756632 a multiple of 293?
False
Does 241 divide 216940?
False
Is 8 a factor of 126248?
True
Is 286762 a multiple of 7?
True
Is 335 a factor of 776947?
False
Is 45 a factor of 744759?
False
Is 682 a factor of 39487?
False
Is 77216 a multiple of 127?
True
Is 70 a factor of 27021501?
False
Is 18727157 a multiple of 18?
False
Is 3 a factor of 19269?
True
Is 34 a factor of 539099?
False
Is 404514 a multiple of 9?
True
Does 2 divide 749014?
True
Does 28 divide 4322752?
True
Does 516 divide 3150180?
True
Does 94 divide 506378?
True
Is 1186 a factor of 4173382?
False
Does 20 divide 144960?
True
Is 1100993 a multiple of 23?
False
Is 11402 a multiple of 4?
False
Is 210292 a multiple of 15?
False
Does 12 divide 366840?
True
Is 108251 a multiple of 143?
True
Is 16 a factor of 3261792?
True
Does 26 divide 61386?
True
Is 155 a factor of 3294525?
True
Is 62033 a multiple of 4?
False
Is 211600 a multiple of 20?
True
Is 289 a factor of 112710?
True
Is 5567011 a multiple of 22?
False
Does 333 divide 4179816?
True
Is 5647005 a multiple of 245?
True
Is 347 a factor of 258863?
False
Is 93104 a multiple of 176?
True
Is 2061858 a multiple of 23?
True
Does 17 divide 4870993?
True
Is 2 a factor of 2463?
False
Is 193797 a multiple of 14?
False
Is 16965 a multiple of 13?
True
Does 18 divide 143779?
False
Is 988735 a multiple of 39?
False
Is 3 a factor of 42497?
Fals